{"id":103,"date":"2020-05-25T11:37:57","date_gmt":"2020-05-25T09:37:57","guid":{"rendered":"http:\/\/www.jadwiga.opw.pl\/?page_id=103"},"modified":"2026-04-18T21:31:37","modified_gmt":"2026-04-18T19:31:37","slug":"bierzmowani","status":"publish","type":"page","link":"https:\/\/www.jadwiga.opw.pl\/?page_id=103","title":{"rendered":"Bierzmowani"},"content":{"rendered":"<p>Przygotowanie do bierzmowania obejmuje klasy 7 i 8 szko\u0142y podstawowej, m\u0142odzie\u017c przyjmuje ten sakrament pod koniec klasy 8.<\/p>\n<p>Fundamentem formacji jest uczestnictwo w katechezie szkolnej, w \u017cyciu sakramentalnym &#8211; niedzielna Eucharystia i regularna spowied\u017a, a tak\u017ce uczestnictwo w katechezie szkolnej i parafialnej. OSOBY, KT\u00d3RE NIE UCZESTNICZN\u0104 W SZKOLNYCH LEKCJACH RELIGII NIE ZOSTAN\u0104 DOPUSZCZONE DO SAKRAMENTU BIERZMOWANIA.<\/p>\n<p><strong>Katecheza parafialna bierzmowanych <\/strong><strong>\u00a0 z klas 8 w pierwszy wtorek ka\u017cdego miesi\u0105ca<br \/>\no g. 18.00 rozpoczynamy Msz\u0105 \u015bw., a po niej spotkanie w ko\u015bciele.<br \/>\nOBECNO\u015a\u0106 OBOWI\u0104ZKOWA OD GODZ. 18.00!<\/strong><\/p>\n<p><strong>Katecheza parafialna bierzmowanych <\/strong><strong>\u00a0 z klas 7 w drugi wtorek ka\u017cdego miesi\u0105ca<br \/>\no g. 18.00 rozpoczynamy Msz\u0105 \u015bw., a po niej spotkanie w ko\u015bciele.<br \/>\nOBECNO\u015a\u0106 OBOWI\u0104ZKOWA OD GODZ. 18.00!<\/strong><\/p>\n<p><span style=\"color: #000000;\">NIEOBECNO\u015a\u0106 NA MSZY \u015aWI\u0118TEJ NIEDZIELNEJ SKUTKUJE NIEDOPUSZCZENIEM <\/span><br \/>\n<span style=\"color: #000000;\">DO SAKRAMENTU BIERZMOWANIA!<\/span><\/p>\n<p><span style=\"color: #ff0000;\"><strong>PLANOWANY TERMIN SAKRAMENTU BIERZMOWANIA &#8211; 7 CZERWCA 2025 r.<br \/>\no g. 12.30<\/strong><\/span><\/p>\n<p><strong>\u00a0<\/strong><\/p>\n","protected":false},"excerpt":{"rendered":"<p>Przygotowanie do bierzmowania obejmuje klasy 7 i 8 szko\u0142y podstawowej, m\u0142odzie\u017c przyjmuje ten sakrament pod koniec klasy 8. Fundamentem formacji jest uczestnictwo w katechezie szkolnej, w \u017cyciu sakramentalnym &#8211; niedzielna Eucharystia i regularna spowied\u017a, a tak\u017ce uczestnictwo w katechezie szkolnej i parafialnej. OSOBY, KT\u00d3RE NIE UCZESTNICZN\u0104 W SZKOLNYCH LEKCJACH RELIGII NIE ZOSTAN\u0104 DOPUSZCZONE DO SAKRAMENTU &hellip; <\/p>\n<p class=\"link-more\"><a href=\"https:\/\/www.jadwiga.opw.pl\/?page_id=103\" class=\"more-link\">Czytaj dalej<span class=\"screen-reader-text\"> \u201eBierzmowani\u201d<\/span><\/a><\/p>\n","protected":false},"author":1,"featured_media":0,"parent":0,"menu_order":0,"comment_status":"closed","ping_status":"closed","template":"","meta":{"footnotes":""},"class_list":["post-103","page","type-page","status-publish","hentry"],"_links":{"self":[{"href":"https:\/\/www.jadwiga.opw.pl\/index.php?rest_route=\/wp\/v2\/pages\/103","targetHints":{"allow":["GET"]}}],"collection":[{"href":"https:\/\/www.jadwiga.opw.pl\/index.php?rest_route=\/wp\/v2\/pages"}],"about":[{"href":"https:\/\/www.jadwiga.opw.pl\/index.php?rest_route=\/wp\/v2\/types\/page"}],"author":[{"embeddable":true,"href":"https:\/\/www.jadwiga.opw.pl\/index.php?rest_route=\/wp\/v2\/users\/1"}],"replies":[{"embeddable":true,"href":"https:\/\/www.jadwiga.opw.pl\/index.php?rest_route=%2Fwp%2Fv2%2Fcomments&post=103"}],"version-history":[{"count":11,"href":"https:\/\/www.jadwiga.opw.pl\/index.php?rest_route=\/wp\/v2\/pages\/103\/revisions"}],"predecessor-version":[{"id":1875,"href":"https:\/\/www.jadwiga.opw.pl\/index.php?rest_route=\/wp\/v2\/pages\/103\/revisions\/1875"}],"wp:attachment":[{"href":"https:\/\/www.jadwiga.opw.pl\/index.php?rest_route=%2Fwp%2Fv2%2Fmedia&parent=103"}],"curies":[{"name":"wp","href":"https:\/\/api.w.org\/{rel}","templated":true}]}}

<p>Przygotowanie do bierzmowania obejmuje klasy 7 i 8 szkoły podstawowej, młodzież przyjmuje ten sakrament pod koniec klasy 8.</p>
<p>Fundamentem formacji jest uczestnictwo w katechezie szkolnej, w życiu sakramentalnym &#8211; niedzielna Eucharystia i regularna spowiedź, a także uczestnictwo w katechezie szkolnej i parafialnej. OSOBY, KTÓRE NIE UCZESTNICZNĄ W SZKOLNYCH LEKCJACH RELIGII NIE ZOSTANĄ DOPUSZCZONE DO SAKRAMENTU BIERZMOWANIA.</p>
<p><strong>Katecheza parafialna bierzmowanych </strong><strong>  z klas 8 w pierwszy wtorek każdego miesiąca<br />
o g. 18.00 rozpoczynamy Mszą św., a po niej spotkanie w kościele.<br />
OBECNOŚĆ OBOWIĄZKOWA OD GODZ. 18.00!</strong></p>
<p><strong>Katecheza parafialna bierzmowanych </strong><strong>  z klas 7 w drugi wtorek każdego miesiąca<br />
o g. 18.00 rozpoczynamy Mszą św., a po niej spotkanie w kościele.<br />
OBECNOŚĆ OBOWIĄZKOWA OD GODZ. 18.00!</strong></p>
<p><span style="color: #000000;">NIEOBECNOŚĆ NA MSZY ŚWIĘTEJ NIEDZIELNEJ SKUTKUJE NIEDOPUSZCZENIEM </span><br />
<span style="color: #000000;">DO SAKRAMENTU BIERZMOWANIA!</span></p>
<p><span style="color: #ff0000;"><strong>PLANOWANY TERMIN SAKRAMENTU BIERZMOWANIA &#8211; 7 CZERWCA 2025 r.<br />
o g. 12.30</strong></span></p>
<p><strong> </strong></p>

<p>Przygotowanie do bierzmowania obejmuje klasy 7 i 8 szkoły podstawowej, młodzież przyjmuje ten sakrament pod koniec klasy 8. Fundamentem formacji jest uczestnictwo w katechezie szkolnej, w życiu sakramentalnym &#8211; niedzielna Eucharystia i regularna spowiedź, a także uczestnictwo w katechezie szkolnej i parafialnej. OSOBY, KTÓRE NIE UCZESTNICZNĄ W SZKOLNYCH LEKCJACH RELIGII NIE ZOSTANĄ DOPUSZCZONE DO SAKRAMENTU &hellip; </p>
<p class="link-more"><a href="https://www.jadwiga.opw.pl/?page_id=103" class="more-link">Czytaj dalej<span class="screen-reader-text"> „Bierzmowani”</span></a></p>
