{"id":2,"date":"2020-04-27T13:19:30","date_gmt":"2020-04-27T11:19:30","guid":{"rendered":"http:\/\/www.jadwiga.opw.pl\/?page_id=2"},"modified":"2026-04-26T13:03:41","modified_gmt":"2026-04-26T11:03:41","slug":"przykladowa-strona","status":"publish","type":"page","link":"https:\/\/www.jadwiga.opw.pl\/","title":{"rendered":"Niech b\u0119dzie pochwalony Jezus Chrystus!"},"content":{"rendered":"\n<p class=\"has-normal-font-size\">Witamy serdecznie na stronie Parafii \u015bw. Jadwigi Kr\u00f3lowej w D\u0105browie G\u00f3rniczej. <\/p>\n\n\n\n<p><strong><a href=\"https:\/\/www.jadwiga.opw.pl\/wp-content\/uploads\/2026\/04\/dyspensa-01.05.2026.pdf\" target=\"_blank\" rel=\"noreferrer noopener\">Dyspensa od obowi\u0105zku zachowania wstrzemi\u0119\u017aliwo\u015bci od pokarm\u00f3w mi\u0119snych oraz innych form pokuty w pi\u0105tek 1 maja 2026 r. <\/a><\/strong><\/p>\n\n\n\n<p>Godziny otwarcia Kancelarii Parafialnej od dnia 09 lutego 2026 roku:<\/p>\n\n\n\n<p><strong>Poniedzia\u0142ek, Wtorek&nbsp;i&nbsp;Czwartek od 16.30 \u2013 17.30.<\/strong><br><strong>\u015aroda i Pi\u0105tek nieczynna.<\/strong><br><strong>Sobota od 8.00 \u2013 9.00.<\/strong><\/p>\n\n\n\n<p>Telefon do parafii niezmieniony, zawsze dost\u0119pny.<strong>&nbsp;<em>W nag\u0142ych przypadkach i sprawach pilnych uprzejmie prosz\u0119 o uprzedzenie telefoniczne wizyty w kancelarii.<\/em><\/strong><\/p>\n\n\n\n<p><strong>Telefon parafialny (do kancelarii)<br>\u015bw. Jadwigi Kr\u00f3lowej w D\u0105browie G\u00f3rniczej<br><\/strong><strong>536&nbsp;335 658<\/strong><\/p>\n\n\n\n<p><strong>Duszpasterz w parafii<\/strong><br><strong>PROBOSZCZ <\/strong>&#8211; Ks. Piotr Kocot<\/p>\n\n\n\n<hr class=\"wp-block-separator has-alpha-channel-opacity\"\/>\n\n\n\n<p><\/p>\n","protected":false},"excerpt":{"rendered":"<p>Witamy serdecznie na stronie Parafii \u015bw. Jadwigi Kr\u00f3lowej w D\u0105browie G\u00f3rniczej. Dyspensa od obowi\u0105zku zachowania wstrzemi\u0119\u017aliwo\u015bci od pokarm\u00f3w mi\u0119snych oraz innych form pokuty w pi\u0105tek 1 maja 2026 r. Godziny otwarcia Kancelarii Parafialnej od dnia 09 lutego 2026 roku: Poniedzia\u0142ek, Wtorek&nbsp;i&nbsp;Czwartek od 16.30 \u2013 17.30.\u015aroda i Pi\u0105tek nieczynna.Sobota od 8.00 \u2013 9.00. Telefon do parafii &hellip; <\/p>\n<p class=\"link-more\"><a href=\"https:\/\/www.jadwiga.opw.pl\/\" class=\"more-link\">Czytaj dalej<span class=\"screen-reader-text\"> \u201eNiech b\u0119dzie pochwalony Jezus Chrystus!\u201d<\/span><\/a><\/p>\n","protected":false},"author":1,"featured_media":0,"parent":0,"menu_order":0,"comment_status":"closed","ping_status":"open","template":"","meta":{"footnotes":""},"class_list":["post-2","page","type-page","status-publish","hentry"],"_links":{"self":[{"href":"https:\/\/www.jadwiga.opw.pl\/index.php?rest_route=\/wp\/v2\/pages\/2","targetHints":{"allow":["GET"]}}],"collection":[{"href":"https:\/\/www.jadwiga.opw.pl\/index.php?rest_route=\/wp\/v2\/pages"}],"about":[{"href":"https:\/\/www.jadwiga.opw.pl\/index.php?rest_route=\/wp\/v2\/types\/page"}],"author":[{"embeddable":true,"href":"https:\/\/www.jadwiga.opw.pl\/index.php?rest_route=\/wp\/v2\/users\/1"}],"replies":[{"embeddable":true,"href":"https:\/\/www.jadwiga.opw.pl\/index.php?rest_route=%2Fwp%2Fv2%2Fcomments&post=2"}],"version-history":[{"count":49,"href":"https:\/\/www.jadwiga.opw.pl\/index.php?rest_route=\/wp\/v2\/pages\/2\/revisions"}],"predecessor-version":[{"id":1892,"href":"https:\/\/www.jadwiga.opw.pl\/index.php?rest_route=\/wp\/v2\/pages\/2\/revisions\/1892"}],"wp:attachment":[{"href":"https:\/\/www.jadwiga.opw.pl\/index.php?rest_route=%2Fwp%2Fv2%2Fmedia&parent=2"}],"curies":[{"name":"wp","href":"https:\/\/api.w.org\/{rel}","templated":true}]}}