{"id":54,"date":"2020-05-10T23:19:44","date_gmt":"2020-05-10T21:19:44","guid":{"rendered":"http:\/\/www.jadwiga.opw.pl\/?page_id=54"},"modified":"2020-05-17T08:13:00","modified_gmt":"2020-05-17T06:13:00","slug":"historia","status":"publish","type":"page","link":"https:\/\/www.jadwiga.opw.pl\/?page_id=54","title":{"rendered":"Historia"},"content":{"rendered":"\n<p><\/p>\n\n\n<p style=\"text-align: justify;\">Parafia zosta\u0142a erygowana 25 maja 1985 r. przez biskupa\u00a0 cz\u0119stochowskiego Stanis\u0142awa Nowaka. Patronk\u0105 parafii zosta\u0142a b\u0142. Jadwiga Kr\u00f3lowa. Pierwszym proboszczem zosta\u0142\u00a0 ks. Bronis\u0142aw Cha\u0142adyn. Ze wzgl\u0119du na potrzeby duszpasterskie wiernych z osiedla zwanego w\u00f3wczas Czerwone Sztandary,\u00a0 dnia 1 marca 1983 r. zosta\u0142 powo\u0142any\u00a0 Wikariat Terenowy w parafii Matki Bo\u017cej Anielskiej. Pocz\u0105tkowo kult sprawowano w kaplicy parafii Matki Bo\u017cej Kr\u00f3lowej Polski ( na dzisiejszym Os. Morcinka), a nast\u0119pnie od 1984 r. w tymczasowej kaplicy na obecnym miejscu ko\u015bcio\u0142a. Staraniem ks. proboszcza i wiernych w 1985 r. przyst\u0105piono do budowy ko\u015bcio\u0142a i punktu katechetycznego oraz pozosta\u0142ych obiekt\u00f3w parafialnych.<\/p>\n<p style=\"text-align: justify;\">Powsta\u0142e budowle wed\u0142ug projektu Wojciecha Podleskiego zosta\u0142y gruntownie przebudowane w latach 2004 -2005\u00a0 realizuj\u0105c projekt Krystyny Kijak-Zar\u0119by, dzi\u0119ki czemu bry\u0142a \u015bwi\u0105tyni uzyska\u0142a nowy kszta\u0142t ozdobiony okaza\u0142\u0105 wie\u017c\u0105, na kt\u00f3rej zainstalowane s\u0105 trzy dzwony. Ko\u015bci\u00f3\u0142 zosta\u0142 dedykowany (uroczy\u015bcie po\u015bwi\u0119cony) dnia 2 pa\u017adziernika\u00a0 2005 r. przez pierwszego biskupa sosnowieckiego Adama \u015amigielskiego SDB w 20 rocznic\u0119\u00a0 powstania parafii.<\/p>\n<p style=\"text-align: justify;\">We wn\u0119trzu na uwag\u0119 zas\u0142uguje dekoracja autorstwa Macieja Kauczy\u0144skiego.\u00a0 Nad o\u0142tarzem i tabernakulum znajduje si\u0119 krucyfiks, kt\u00f3ry ze wzgl\u0119du na patronk\u0119 parafii \u015bw. Jadwig\u0119 Kr\u00f3low\u0105 &#8211; jest imitacj\u0105 krzy\u017ca z Katedry Wawelskiej w Krakowie. Nad\u00a0 nim rozpo\u015bciera si\u0119\u00a0 p\u00f3\u0142koli\u015bcie\u00a0 witra\u017c\u00a0 Ostatniej Wieczerzy. \u015aciany \u015bwi\u0105tyni zdobi mozaika. Przedstawia ona &#8211; pod krzy\u017cem w o\u0142tarzu g\u0142\u00f3wnym &#8211; z jednej strony Matk\u0119\u00a0 Naj\u015bwi\u0119tsz\u0105 ze \u015bw. Janem Aposto\u0142em, a z drugiej patronk\u0119 parafii i ko\u015bcio\u0142a \u015bw. Jadwig\u0119, kontynuowana jest w stacjach drogi krzy\u017cowej.\u00a0 To wszystko stanowi oryginalny i pi\u0119kny wystr\u00f3j\u00a0 nowoczesnej \u015bwi\u0105tyni. Ponadto w ko\u015bciele znajduj\u0105 si\u0119 dwa o\u0142tarze boczne w kt\u00f3rych s\u0105 obrazy Pana Jezusa Mi\u0142osiernego i Matki Bo\u017cej Cz\u0119stochowskiej. Dla potrzeb godnie sprawowanej liturgii ko\u015bci\u00f3\u0142 zosta\u0142 wyposa\u017cony w okaza\u0142y instrument &#8211; organy 17 g\u0142osowe.<\/p>\n<p style=\"text-align: justify;\">Przed \u015bwi\u0105tyni\u0105 jest pomnik \u015awi\u0119tego Jana Paw\u0142a II usytuowany tam na pami\u0105tk\u0119 beatyfikacji Papie\u017ca Polaka, kt\u00f3ry jest dzie\u0142em J\u00f3zefa Siwonia. Pi\u0119knie zagospodarowany zieleni\u0105 teren wok\u00f3\u0142 \u015bwi\u0105tyni i plebani staje si\u0119 doskona\u0142ym miejscem modlitwy. Id\u0105c w procesji przy ko\u015bciele spotykamy lurdzk\u0105 grot\u0119 z figur\u0105 Maryi, a naprzeciwko niej wspaniale odznaczaj\u0105c\u0105 si\u0119 mozaik\u0119 z Ukrzy\u017cowanym, Patronk\u0105 i widokiem Wawelu.<\/p>\n<p style=\"text-align: justify;\">Parafia posiada relikwie \u015bw. Jadwigi, \u015bw. Jana Paw\u0142a II,\u00a0 \u015bw. S. Faustyny i \u015bw. O. Pio.<\/p>\n\n\n<p><\/p>\n","protected":false},"excerpt":{"rendered":"<p>Parafia zosta\u0142a erygowana 25 maja 1985 r. przez biskupa\u00a0 cz\u0119stochowskiego Stanis\u0142awa Nowaka. Patronk\u0105 parafii zosta\u0142a b\u0142. Jadwiga Kr\u00f3lowa. Pierwszym proboszczem zosta\u0142\u00a0 ks. Bronis\u0142aw Cha\u0142adyn. Ze wzgl\u0119du na potrzeby duszpasterskie wiernych z osiedla zwanego w\u00f3wczas Czerwone Sztandary,\u00a0 dnia 1 marca 1983 r. zosta\u0142 powo\u0142any\u00a0 Wikariat Terenowy w parafii Matki Bo\u017cej Anielskiej. Pocz\u0105tkowo kult sprawowano w kaplicy &hellip; <\/p>\n<p class=\"link-more\"><a href=\"https:\/\/www.jadwiga.opw.pl\/?page_id=54\" class=\"more-link\">Czytaj dalej<span class=\"screen-reader-text\"> \u201eHistoria\u201d<\/span><\/a><\/p>\n","protected":false},"author":1,"featured_media":0,"parent":0,"menu_order":0,"comment_status":"closed","ping_status":"closed","template":"","meta":{"footnotes":""},"class_list":["post-54","page","type-page","status-publish","hentry"],"_links":{"self":[{"href":"https:\/\/www.jadwiga.opw.pl\/index.php?rest_route=\/wp\/v2\/pages\/54","targetHints":{"allow":["GET"]}}],"collection":[{"href":"https:\/\/www.jadwiga.opw.pl\/index.php?rest_route=\/wp\/v2\/pages"}],"about":[{"href":"https:\/\/www.jadwiga.opw.pl\/index.php?rest_route=\/wp\/v2\/types\/page"}],"author":[{"embeddable":true,"href":"https:\/\/www.jadwiga.opw.pl\/index.php?rest_route=\/wp\/v2\/users\/1"}],"replies":[{"embeddable":true,"href":"https:\/\/www.jadwiga.opw.pl\/index.php?rest_route=%2Fwp%2Fv2%2Fcomments&post=54"}],"version-history":[{"count":4,"href":"https:\/\/www.jadwiga.opw.pl\/index.php?rest_route=\/wp\/v2\/pages\/54\/revisions"}],"predecessor-version":[{"id":83,"href":"https:\/\/www.jadwiga.opw.pl\/index.php?rest_route=\/wp\/v2\/pages\/54\/revisions\/83"}],"wp:attachment":[{"href":"https:\/\/www.jadwiga.opw.pl\/index.php?rest_route=%2Fwp%2Fv2%2Fmedia&parent=54"}],"curies":[{"name":"wp","href":"https:\/\/api.w.org\/{rel}","templated":true}]}}